347 prime?
True
Is 157918021 a composite number?
True
Is 13522453913 composite?
True
Is 2664707231 a composite number?
True
Is 1418765921 a prime number?
False
Is 7533046819 prime?
False
Is 1222931779 a prime number?
True
Is 9604207741 a prime number?
False
Is 3456413515 composite?
True
Is 684231187 a prime number?
True
Is 12250985801 prime?
False
Is 160683548231 a composite number?
True
Is 102216239959 a prime number?
True
Is 12129085957 a prime number?
True
Is 838688399 composite?
True
Is 2685432289 prime?
True
Is 3481850657 a prime number?
True
Is 11852709977 a composite number?
True
Is 26248210529 a prime number?
False
Is 61480051 composite?
True
Is 1836347423 prime?
False
Is 5565286733 composite?
True
Is 23078339 a composite number?
True
Is 45329557219 composite?
False
Is 179521301 composite?
False
Is 470001617 prime?
True
Is 59746149449 prime?
False
Is 7999867247 composite?
True
Is 57757225573 composite?
True
Is 1130100511 composite?
False
Is 1626890983 composite?
False
Is 712580969 a prime number?
False
Is 32130448631 composite?
False
Is 2312793047 a prime number?
True
Is 120677552483 a composite number?
False
Is 697800949 composite?
True
Is 294258121 composite?
False
Is 30732118511 composite?
False
Is 64916374307 a prime number?
False
Is 21488427959 a prime number?
False
Is 15557411 a composite number?
False
Is 4100936263 composite?
True
Is 1259100103 a prime number?
False
Is 10919974411 a composite number?
False
Is 95830886687 a prime number?
True
Is 33468564823 prime?
True
Is 305103011 prime?
True
Is 31813558954 a prime number?
False
Is 2339045563 a prime number?
True
Is 606706787 composite?
False
Is 23967054679 composite?
True
Is 379570297 prime?
True
Is 56956909 a composite number?
False
Is 234939209 composite?
False
Is 8250682141 a prime number?
False
Is 102373367497 composite?
True
Is 2980510937 a composite number?
True
Is 7276039843 a composite number?
False
Is 2710398967 a prime number?
True
Is 37370961751 a composite number?
False
Is 34681153223 prime?
True
Is 4389712697 a prime number?
False
Is 3058631435 a composite number?
True
Is 64778133223 prime?
True
Is 3363786841 a prime number?
True
Is 41128474399 a prime number?
False
Is 2386511627 composite?
True
Is 1482862895 composite?
True
Is 6140897111 composite?
False
Is 94822430909 composite?
False
Is 7086202307 prime?
True
Is 61206584243 a prime number?
False
Is 325644949 a prime number?
False
Is 56599434007 a prime number?
False
Is 39465719591 a prime number?
True
Is 1416166867 prime?
True
Is 6681635827 a composite number?
False
Is 11678564641 a composite number?
False
Is 1763737939 prime?
True
Is 916451477 a prime number?
False
Is 10015622347 a composite number?
False
Is 3134891389 prime?
False
Is 312625133 prime?
False
Is 1087019319 a composite number?
True
Is 10163678561 a prime number?
False
Is 2759267653 a composite number?
False
Is 61301764399 a prime number?
True
Is 50766211927 a prime number?
True
Is 19158035469 prime?
False
Is 720493043 prime?
True
Is 3863754341 prime?
False
Is 3450506219 a composite number?
True
Is 2380416113 prime?
False
Is 3406233161 a prime number?
True
Is 1760134241 composite?
False
Is 16529935031 a prime number?
True
Is 447648769 composite?
False
Is 1473596659 a prime number?
False
Is 154578598567 a composite number?
False
Is 522690541 a prime number?
True
Is 22204433347 composite?
False
Is 10546286921 a prime number?
False
Is 1449549847 a prime number?
True
Is 4549265491 prime?
True
Is 1420808707 prime?
False
Is 5360312239 a prime number?
True
Is 38363093 a composite number?
False
Is 7754632111 a prime number?
True
Is 95017782473 prime?
True
Is 44117795551 a composite number?
False
Is 6365530999 a prime number?
True
Is 46839085673 prime?
True
Is 279792797 prime?
False
Is 2525479261 a composite number?
True
Is 1300055541 prime?
False
Is 4465537523 a composite number?
True
Is 389958941 a prime number?
True
Is 610391167 a prime number?
False
Is 4911212693 composite?
False
Is 1460251157 composite?
False
Is 751708861 composite?
False
Is 220660337 a composite number?
False
Is 98937406111 a composite number?
True
Is 47356580597 prime?
True
Is 36385150751 composite?
False
Is 4655945143 composite?
False
Is 166473595651 composite?
True
Is 1799508103 composite?
False
Is 1314943181 a composite number?
True
Is 270373685 a composite number?
True
Is 536782489 a prime number?
False
Is 39504781167 a prime number?
False
Is 17467996285 a prime number?
False
Is 279338231 a composite number?
False
Is 198310708879 prime?
False
Is 5731297903 a composite number?
False
Is 46929171701 a prime number?
False
Is 22283495351 a composite number?
True
Is 43462708547 a prime number?
False
Is 2248701461 composite?
False
Is 6226825811 a composite number?
True
Is 12569019577 composite?
False
Is 1048709635 composite?
True
Is 9645761 prime?
True
Is 7357204199 composite?
False
Is 541991063 prime?
False
Is 17579899069 composite?
True
Is 4217179 a prime number?
False
Is 99465337 a prime number?
True
Is 843984371 a composite number?
False
Is 975400547 a prime number?
False
Is 338749241 a prime number?
True
Is 35125334323 composite?
False
Is 15378893011 a composite number?
False
Is 3264266327 composite?
True
Is 11907919727 composite?
True
Is 32784486523 composite?
False
Is 4709128189 a composite number?
True
Is 29953898231 prime?
False
Is 584363963 a prime number?
False
Is 1659611717 composite?
False
Is 9914173617 a prime number?
False
Is 49836203 a prime number?
True
Is 18470350651 a prime number?
True
Is 295685531 composite?
False
Is 26066956571 composite?
False
Is 216179322469 composite?
True
Is 39906192041 composite?
False
Is 41135316571 prime?
True
Is 667234361 composite?
True
Is 1079087579 composite?
True
Is 811813763 composite?
False
Is 5700446347 prime?
False
Is 20032068083 a composite number?
False
Is 2528377157 a prime number?
True
Is 4052527747 prime?
True
Is 1207386247 composite?
False
Is 8885677537 a composite number?
True
Is 178281949 prime?
True
Is 13032335411 prime?
False
Is 3477998977 a prime number?
True
Is 1355054945 a prime number?
False
Is 3612021043 composite?
False
Is 3897121289 composite?
False
Is 11982894313 composite?
True
Is 229384079 a composite number?
False
Is 14515806541 a composite number?
True
Is 1297937143 a composite number?
False
Is 25314796307 a prime number?
True
Is 1213142813 prime?
True
Is 121984596731 a composite number?
True
Is 21622838 a composite number?
True
Is 615840047 prime?
False
Is 30520646701 prime?
True
Is 6519626411 prime?
True
Is 1783070977 a composite number?
True
Is 76900528907 composite?
False
Is 15171783509 a composite number?
False
Is 1793987449 prime?
True
Is 689143577 composite?
True
Is 1691756897 prime?
False
Is 192490553 prime?
True
Is 1039590977 composite?
True
Is 2819400313 a composite number?
False
Is 379457849 prime?
True
Is 46529625361 a prime number?
False
Is 1053149183 composite?
False
Is 38232775879 a composite number?
True
Is 30345469783 composite?
False
Is 1182192467 a prime number?
False
Is 71902803367 a composite number?
False
Is 357120332243 composite?
False
Is 1603477907 a composite number?
True
Is 41543079827 composite?
False
Is 308428553 prime?
False
Is 36025597479 a composite number?
True
Is 608994119 prime?
True
Is 35742681851 a composite number?
True
Is 17854989067 a prime number?
True
Is 823324391 a composite number?
False
Is 3153639679 a composite number?
False
Is 1185200209 a composite number?
True
Is 12197418059 a prime number?
True
Is 657080839 a prime number?
True
Is 161839187 a prime number?
True
Is 1069891219 composite?
False
Is 217889317 prime?
True
Is 14756708647 a prime number?
False
Is 964222823 a prime number?
True
Is 31854520931 a composite number?
True
Is 115390721 composite?
True
Is 24099013877 a composite number?
False
Is 23762425517 a composite number?
True
Is 997419251 composite?
True
Is 215988382 a prime number?
False
Is 863779991 a prime number?
True
Is 72972956317 a prime number?
True
Is 3836858657 a composite number?
False
Is 31469432501 a prime number?
False
Is 2574206123 a composite number?
False
Is 133319154227 prime?
False
Is 3523089859 composite?
False
Is 1853365307 composite?
True
Is 2394488299 composite?
True
Is 861950039 prime?
False
Is 19080793 a prime number?
False
I